divided by 29.
27
Calculate the remainder when 221 is divided by 49.
25
Calculate the remainder when 1647 is divided by 66.
63
Calculate the remainder when 4948 is divided by 150.
148
What is the remainder when 4993 is divided by 15?
13
What is the remainder when 450 is divided by 3?
0
What is the remainder when 921 is divided by 21?
18
What is the remainder when 1863 is divided by 94?
77
What is the remainder when 396 is divided by 25?
21
Calculate the remainder when 289 is divided by 20.
9
Calculate the remainder when 134 is divided by 30.
14
Calculate the remainder when 447 is divided by 16.
15
What is the remainder when 915 is divided by 10?
5
What is the remainder when 201 is divided by 19?
11
What is the remainder when 1319 is divided by 596?
127
What is the remainder when 2293 is divided by 45?
43
What is the remainder when 122 is divided by 115?
7
Calculate the remainder when 13430 is divided by 73.
71
Calculate the remainder when 507 is divided by 54.
21
What is the remainder when 169 is divided by 43?
40
What is the remainder when 30726 is divided by 46?
44
Calculate the remainder when 6568 is divided by 73.
71
Calculate the remainder when 1536 is divided by 81.
78
What is the remainder when 664 is divided by 23?
20
Calculate the remainder when 74 is divided by 42.
32
What is the remainder when 54 is divided by 9?
0
Calculate the remainder when 452 is divided by 74.
8
Calculate the remainder when 2186 is divided by 100.
86
Calculate the remainder when 876 is divided by 37.
25
Calculate the remainder when 405 is divided by 132.
9
Calculate the remainder when 505 is divided by 156.
37
Calculate the remainder when 3610 is divided by 14.
12
Calculate the remainder when 88 is divided by 31.
26
Calculate the remainder when 1653 is divided by 12.
9
Calculate the remainder when 184 is divided by 96.
88
What is the remainder when 66 is divided by 29?
8
What is the remainder when 586 is divided by 45?
1
What is the remainder when 511 is divided by 129?
124
What is the remainder when 351 is divided by 32?
31
Calculate the remainder when 93 is divided by 24.
21
What is the remainder when 546 is divided by 116?
82
Calculate the remainder when 14679 is divided by 53.
51
Calculate the remainder when 237 is divided by 17.
16
Calculate the remainder when 273 is divided by 33.
9
Calculate the remainder when 267 is divided by 144.
123
What is the remainder when 190 is divided by 81?
28
What is the remainder when 870 is divided by 814?
56
Calculate the remainder when 1932 is divided by 5.
2
Calculate the remainder when 1133 is divided by 142.
139
Calculate the remainder when 526 is divided by 24.
22
What is the remainder when 116 is divided by 20?
16
Calculate the remainder when 905 is divided by 273.
86
What is the remainder when 111 is divided by 8?
7
Calculate the remainder when 662 is divided by 5.
2
Calculate the remainder when 74 is divided by 46.
28
Calculate the remainder when 393 is divided by 11.
8
What is the remainder when 700 is divided by 142?
132
Calculate the remainder when 180 is divided by 22.
4
What is the remainder when 9874 is divided by 79?
78
What is the remainder when 382 is divided by 4?
2
Calculate the remainder when 4919 is divided by 10.
9
What is the remainder when 236 is divided by 75?
11
Calculate the remainder when 148 is divided by 12.
4
Calculate the remainder when 235 is divided by 48.
43
Calculate the remainder when 13 is divided by 3.
1
Calculate the remainder when 1379 is divided by 136.
19
What is the remainder when 388 is divided by 15?
13
What is the remainder when 859 is divided by 145?
134
What is the remainder when 1238 is divided by 606?
26
Calculate the remainder when 2431 is divided by 176.
143
Calculate the remainder when 3598 is divided by 150.
148
What is the remainder when 2490 is divided by 89?
87
What is the remainder when 1483 is divided by 117?
79
What is the remainder when 267 is divided by 9?
6
What is the remainder when 162 is divided by 7?
1
Calculate the remainder when 259 is divided by 5.
4
Calculate the remainder when 90 is divided by 23.
21
What is the remainder when 595 is divided by 46?
43
Calculate the remainder when 12 is divided by 4.
0
Calculate the remainder when 220 is divided by 43.
5
What is the remainder when 4044 is divided by 3?
0
Calculate the remainder when 2222 is divided by 15.
2
What is the remainder when 244 is divided by 86?
72
Calculate the remainder when 552 is divided by 43.
36
What is the remainder when 833 is divided by 165?
8
Calculate the remainder when 2035 is divided by 60.
55
What is the remainder when 106 is divided by 54?
52
Calculate the remainder when 537 is divided by 138.
123
Calculate the remainder when 232 is divided by 30.
22
Calculate the remainder when 415 is divided by 47.
39
Calculate the remainder when 1331 is divided by 1317.
14
Calculate the remainder when 514 is divided by 128.
2
Calculate the remainder when 459 is divided by 113.
7
Calculate the remainder when 768 is divided by 226.
90
Calculate the remainder when 669 is divided by 131.
14
Calculate the remainder when 472 is divided by 48.
40
What is the remainder when 1078 is divided by 45?
43
Calculate the remainder when 599 is divided by 8.
7
What is the remainder when 556 is divided by 319?
237
What is the remainder when 161 is divided by 36?
17
What is the remainder when 163 is divided by 18?
1
What is the remainder when 21086 is divided by 33?
32
Calculate the remainder when 2489 is divided by 138.
5
What is the remainder when 214 is divided by 61?
31
What is the remainder when 477 is divided by 15?
12
What is the remainder when 3351 is divided by 39?
36
Calculate the remainder when 118 is divided by 13.
1
What is the remainder when 9071 is divided by 275?
271
What is the remainder when 426 is divided by 211?
4
Calculate the remainder when 925 is divided by 16.
13
What is the remainder when 8907 is divided by 1483?
9
What is the remainder when 786 is divided by 390?
6
Calculate the remainder when 1081 is divided by 135.
1
What is the remainder when 158 is divided by 33?
26
Calculate the remainder when 534 is divided by 290.
244
Calculate the remainder when 280 is divided by 86.
22
Calculate the remainder when 429 is divided by 71.
3
What is the remainder when 250 is divided by 242?
8
What is the remainder when 18 is divided by 13?
5
What is the remainder when 55 is divided by 30?
25
Calculate the remainder when 3986 is divided by 10.
6
Calculate the remainder when 524 is divided by 22.
18
Calculate the remainder when 114 is divided by 23.
22
What is the remainder when 500 is divided by 215?
70
Calculate the remainder when 297 is divided by 90.
27
What is the remainder when 31 is divided by 6?
1
Calculate the remainder when 142 is divided by 7.
2
What is the remainder when 236 is divided by 72?
20
Calculate the remainder when 395 is divided by 36.
35
Calculate the remainder when 176 is divided by 60.
56
What is the remainder when 9656 is divided by 30?
26
Calculate the remainder when 173 is divided by 95.
78
Calculate the remainder when 434 is divided by 40.
34
What is the remainder when 1427 is divided by 130?
127
Calculate the remainder when 57 is divided by 32.
25
Calculate the remainder when 1269 is divided by 8.
5
Calculate the remainder when 1868 is divided by 104.
100
Calculate the remainder when 213 is divided by 56.
45
What is the remainder when 390 is divided by 80?
70
What is the remainder when 25 is divided by 11?
3
What is the remainder when 81 is divided by 12?
9
Calculate the remainder when 43 is divided by 8.
3
Calculate the remainder when 192 is divided by 39.
36
Calculate the remainder when 507 is divided by 107.
79
What is the remainder when 139 is divided by 49?
41
Calculate the remainder when 84 is divided by 7.
0
What is the remainder when 5 is divided by 4?
1
Calculate the remainder when 478 is divided by 122.
112
What is the remainder when 2411 is divided by 500?
411
Calculate the remainder when 1507 is divided by 294.
37
Calculate the remainder when 1497 is divided by 744.
9
What is the remainder when 87 is divided by 74?
13
What is the remainder when 324 is divided by 166?
158
What is the remainder when 187 is divided by 39?
31
What is the remainder when 1080